659287.
3, 19, 7941391
List the prime factors of 26845668.
2, 3, 71, 389
List the prime factors of 292451051.
17, 29, 593207
List the prime factors of 83753660.
2, 5, 151, 27733
List the prime factors of 188296578.
2, 3, 10460921
What are the prime factors of 3288884?
2, 822221
What are the prime factors of 56373056?
2, 109, 8081
List the prime factors of 2219218233.
3, 17, 43514083
List the prime factors of 59885795.
5, 37, 323707
What are the prime factors of 124014872?
2, 15501859
List the prime factors of 24708946.
2, 23, 521, 1031
What are the prime factors of 272693158?
2, 17, 8020387
List the prime factors of 151950281.
7, 21707183
List the prime factors of 13187897.
13187897
List the prime factors of 278291783.
7, 11, 3614179
List the prime factors of 4621160.
2, 5, 23, 5023
List the prime factors of 627004763.
7, 11, 71, 114689
List the prime factors of 115742314.
2, 57871157
List the prime factors of 23487127.
179, 131213
What are the prime factors of 100884711?
3, 33628237
List the prime factors of 101012936.
2, 12626617
What are the prime factors of 3046279724?
2, 761569931
List the prime factors of 89905532.
2, 241, 93263
List the prime factors of 135523537.
31, 311, 14057
What are the prime factors of 2202419644?
2, 2243, 245477
What are the prime factors of 202980880?
2, 5, 73, 34757
What are the prime factors of 3391055866?
2, 11, 4993, 30871
List the prime factors of 222955451.
29, 37, 47, 4421
What are the prime factors of 5396659098?
2, 3, 47, 19137089
List the prime factors of 787357390.
2, 5, 23, 191, 17923
List the prime factors of 1664153165.
5, 332830633
List the prime factors of 408071430.
2, 3, 5, 13, 348779
List the prime factors of 20559602.
2, 7, 1468543
List the prime factors of 320946472.
2, 7, 11, 31
What are the prime factors of 7756251?
3, 2585417
What are the prime factors of 26099081?
26099081
List the prime factors of 701219711.
701219711
What are the prime factors of 53313795?
3, 5, 131639
What are the prime factors of 109149604?
2, 19, 47, 30557
What are the prime factors of 18905992?
2, 7, 337607
What are the prime factors of 38761854?
2, 3, 23, 280883
List the prime factors of 41224036.
2, 7, 53, 27779
What are the prime factors of 29099150?
2, 5, 581983
List the prime factors of 337798688.
2, 71, 157, 947
List the prime factors of 3075366439.
31, 109, 910141
What are the prime factors of 458077715?
5, 91615543
List the prime factors of 42433371.
3, 4714819
What are the prime factors of 186494263?
61, 3057283
List the prime factors of 13154154.
2, 3, 13, 168643
What are the prime factors of 272715780?
2, 3, 5, 283, 16061
List the prime factors of 68081699.
7, 9725957
What are the prime factors of 116056506?
2, 3, 463, 41777
What are the prime factors of 1275295431?
3, 5569, 76333
List the prime factors of 414387223.
17, 24375719
List the prime factors of 52353040.
2, 5, 654413
List the prime factors of 385631317.
23, 71, 107, 2207
What are the prime factors of 33646618?
2, 127, 139, 953
What are the prime factors of 1119361634?
2, 17, 641, 51361
What are the prime factors of 1093629278?
2, 7, 17, 151, 30431
What are the prime factors of 17380369?
17380369
List the prime factors of 337437578.
2, 2347, 71887
What are the prime factors of 2081776764?
2, 3, 577, 300661
What are the prime factors of 64038145?
5, 179, 71551
List the prime factors of 393673989.
3, 131224663
What are the prime factors of 6265346718?
2, 3, 8167, 127859
What are the prime factors of 3459031226?
2, 7, 23, 239, 6421
What are the prime factors of 577137831?
3, 1367, 140731
List the prime factors of 10089247.
7, 19, 10837
List the prime factors of 7231446.
2, 3, 241, 1667
What are the prime factors of 128032623?
3, 373, 12713
What are the prime factors of 4178216120?
2, 5, 13, 37, 217163
What are the prime factors of 922685174?
2, 461342587
List the prime factors of 538081365.
3, 5, 17, 2110123
What are the prime factors of 74715607?
653, 114419
What are the prime factors of 20257633?
11, 1841603
List the prime factors of 3504796116.
2, 3, 59, 83903
What are the prime factors of 581584742?
2, 4091, 71081
What are the prime factors of 2958704082?
2, 3, 164372449
List the prime factors of 42151504.
2, 149, 17681
List the prime factors of 846529464.
2, 3, 11, 3206551
List the prime factors of 327745548.
2, 3, 13, 233437
What are the prime factors of 23008606?
2, 11504303
List the prime factors of 109971348.
2, 3, 41, 83, 2693
List the prime factors of 1908464669.
36767, 51907
What are the prime factors of 712953410?
2, 5, 13, 283, 19379
What are the prime factors of 248118721?
101, 2456621
What are the prime factors of 2417564018?
2, 1208782009
List the prime factors of 14996578.
2, 7498289
What are the prime factors of 4353054987?
3, 59, 24593531
What are the prime factors of 2758886941?
5231, 527411
List the prime factors of 53036108.
2, 97, 136691
What are the prime factors of 3740194438?
2, 29, 43, 51713
List the prime factors of 2778261835.
5, 151, 3679817
List the prime factors of 228346255.
5, 45669251
List the prime factors of 129958250.
2, 5, 73, 7121
What are the prime factors of 158605668?
2, 3, 13, 112967
What are the prime factors of 108376243?
41, 431, 6133
What are the prime factors of 7709435?
5, 41, 37607
What are the prime factors of 1655243365?
5, 331048673
What are the prime factors of 132251142?
2, 3, 22041857
What are the prime factors of 179389768?
2, 569, 39409
What are the prime factors of 89971877?
211, 426407
What are the prime factors of 703384520?
2, 5, 17, 41, 25229
List the prime factors of 15357056.
2, 11, 13, 839
List the prime factors of 109378882.
2, 37, 137, 10789
What are the prime factors of 778513962?
2, 3, 223, 571, 1019
List the prime factors of 298847882.
2, 97, 1540453
List the prime factors of 65256003.
3, 29, 83341
What are the prime factors of 89618058?
2, 3, 127, 197, 199
What are the prime factors of 63324808?
2, 7915601
List the prime factors of 32353466.
2, 19, 37, 23011
What are the prime factors of 368465008?
2, 31, 71, 10463
List the prime factors of 770791908.
2, 3, 1279, 50221
What are the prime factors of 95595881?
2699, 35419
List the prime factors of 273173849.
13, 19, 37, 71, 421
What are the prime factors of 1492105?
5, 457, 653
List the prime factors of 84792962.
2, 42396481
What are the prime factors of 901577326?
2, 13, 67, 517553
List the prime factors of 6049108033.
19, 43, 2459, 3011
List the prime factors of 80941300.
2, 5, 11, 73583
What are the prime factors of 131763696?
2, 3, 43, 63839
What are the prime factors of 56944528?
2, 157, 22669
List the prime factors of 76201023.
3, 25400341
What are the prime factors of 235143538?
2, 7, 47, 191, 1871
List the prime factors of 2896440883.
7, 19, 21777751
What are the prime factors of 90632907?
3, 19, 530017
List the prime factors of 3429081694.
2, 61, 28107227
List the prime factors of 498909360.
2, 3, 5, 2078789
What are the prime factors of 1550372503?
47, 32986649
What are the prime factors of 1123949793?
3, 7069, 52999
What are the prime factors of 462916238?
2, 271, 854089
What are the prime factors of 472155343?
11, 1091, 39343
What are the prime factors of 1376206924?
2, 344051731
List the prime factors of 183360595.
5, 11, 1087, 3067
What are the prime factors of 1656587674?
2, 7, 2129, 55579
What are the prime factors of 99845632?
2, 191, 1021
List the prime factors of 1482485531.
157, 409, 23087
List the prime factors of 113784555.
3, 5, 109, 69593
What are the prime factors of 4169977674?
2, 3, 694996279
What are the prime factors of 9739374?
2, 3, 1623229
List the prime factors of 267939056.
2, 7, 11, 31069
List the prime factors of 408196817.
7, 19, 223, 13763
List the prime factors of 52993350.
2, 3, 5, 117763
What are the prime factors of 44052826?
2, 22026413
List the prime factors of 161455657.
11, 31, 473477
What are the prime factors of 359784283?
61, 661, 8923
List the prime factors of 62454793.
79, 790567
List the prime factors of 3402250386.
2, 3, 43, 13187017
List the prime factors of 777668479.
7, 23, 37, 130547
What are the prime factors of 2061786556?
2, 79, 347, 18803
List the prime factors of 237424178.
2, 73, 1626193
What are the prime factors of 3962347902?
2, 3, 73376813
What are the pri